{"id":73,"date":"2014-04-26T20:15:29","date_gmt":"2014-04-26T18:15:29","guid":{"rendered":"http:\/\/holo.lohstoeter.de\/new_kalamo\/?page_id=73"},"modified":"2014-05-20T13:02:16","modified_gmt":"2014-05-20T11:02:16","slug":"73-2","status":"publish","type":"page","link":"https:\/\/www.kalamo.de\/","title":{"rendered":""},"content":{"rendered":"<p><img decoding=\"async\" src=\"wp-content\/uploads\/2014\/04\/cropped-KaLaMo-2013-Logo2.png\" alt=\"KaLaMo-Logo\" width=\"100%\" \/><\/p>\n<div style=\"margin: 25px 0px; font-size: 18px; font-weight: bold;\">Dienstleister f\u00fcr Gewerbe und Privat, Makler und Hausverk\u00e4ufer.<\/div>\n<p>Unser Betrieb, 1989 in Hamburg gegr\u00fcndet, 1995 erweitert zum Montagebetrieb.<br \/>\nFlexible und sehr vielseitige Aufgabengebiete, z.B. Barrierefreie Ausf\u00fchrungen \u2026\u2026.<\/p>\n<p style=\"color: #c11d1d;\">Vertrieb u.Montage f\u00fcr Gewerbe und Privat<br \/>\nReparaturen<br \/>\nUmbau<br \/>\nBauservice<br \/>\nInnenausbau<br \/>\nBauelemente<br \/>\nMetall, Holz, Stein<br \/>\nGranit, Zaunanlagen<br \/>\nGr\u00fcnpflege, Stadtmobiliar<br \/>\nTerrassen, Terrassendielen<\/p>\n<p>Wir sind ein Dienstleister mit hohen Anspr\u00fcchen an unsere eigenen Leistungen. Nur so k\u00f6nnen wir uns mit jedem Service, den wir Ihnen anbieten, identifizieren. Deshalb haben wir f\u00fcr Sie diese Homepage eingerichtet, damit wir Sie noch besser \u00fcber unsere Dienstleistungen und unsere Unternehmenskultur informieren k\u00f6nnen.<\/p>\n<div style=\"text-align: center;\"><a href=\"wp-content\/uploads\/2014\/04\/KaLaMo_Praesi_2013.pdf\">Pr\u00e4sentation unserer Leistungen<\/a><br \/>\n<a href=\"wp-content\/uploads\/2014\/04\/Kai_Lange_2610_clubkarten_2013.png\">Download Visitenkarte<\/a><\/div>\n","protected":false},"excerpt":{"rendered":"<p>Dienstleister f\u00fcr Gewerbe und Privat, Makler und Hausverk\u00e4ufer. Unser Betrieb, 1989 in Hamburg gegr\u00fcndet, 1995 erweitert zum Montagebetrieb. Flexible und sehr vielseitige Aufgabengebiete, z.B. Barrierefreie Ausf\u00fchrungen \u2026\u2026. Vertrieb u.Montage f\u00fcr Gewerbe und Privat Reparaturen Umbau Bauservice Innenausbau Bauelemente Metall, Holz, Stein Granit, Zaunanlagen Gr\u00fcnpflege, Stadtmobiliar Terrassen, Terrassendielen Wir sind ein Dienstleister mit hohen Anspr\u00fcchen an &hellip; <a href=\"https:\/\/www.kalamo.de\/\" class=\"more-link\"><span class=\"screen-reader-text\"><\/span> weiterlesen <span class=\"meta-nav\">&rarr;<\/span><\/a><\/p>\n","protected":false},"author":3,"featured_media":0,"parent":0,"menu_order":0,"comment_status":"closed","ping_status":"open","template":"","meta":{"footnotes":""},"class_list":["post-73","page","type-page","status-publish","hentry"],"_links":{"self":[{"href":"https:\/\/www.kalamo.de\/index.php?rest_route=\/wp\/v2\/pages\/73","targetHints":{"allow":["GET"]}}],"collection":[{"href":"https:\/\/www.kalamo.de\/index.php?rest_route=\/wp\/v2\/pages"}],"about":[{"href":"https:\/\/www.kalamo.de\/index.php?rest_route=\/wp\/v2\/types\/page"}],"author":[{"embeddable":true,"href":"https:\/\/www.kalamo.de\/index.php?rest_route=\/wp\/v2\/users\/3"}],"replies":[{"embeddable":true,"href":"https:\/\/www.kalamo.de\/index.php?rest_route=%2Fwp%2Fv2%2Fcomments&post=73"}],"version-history":[{"count":14,"href":"https:\/\/www.kalamo.de\/index.php?rest_route=\/wp\/v2\/pages\/73\/revisions"}],"predecessor-version":[{"id":427,"href":"https:\/\/www.kalamo.de\/index.php?rest_route=\/wp\/v2\/pages\/73\/revisions\/427"}],"wp:attachment":[{"href":"https:\/\/www.kalamo.de\/index.php?rest_route=%2Fwp%2Fv2%2Fmedia&parent=73"}],"curies":[{"name":"wp","href":"https:\/\/api.w.org\/{rel}","templated":true}]}}