{"id":205,"date":"2014-04-28T13:15:23","date_gmt":"2014-04-28T11:15:23","guid":{"rendered":"http:\/\/holo.lohstoeter.de\/new_kalamo\/?page_id=205"},"modified":"2014-05-13T15:49:42","modified_gmt":"2014-05-13T13:49:42","slug":"impressum","status":"publish","type":"page","link":"https:\/\/www.kalamo.de\/?page_id=205","title":{"rendered":"Impressum"},"content":{"rendered":"<div>\n<div style=\"width:50%;\"><img loading=\"lazy\" decoding=\"async\" style=\"margin-bottom:20px;\" src=\"wp-content\/uploads\/2014\/04\/Vertieb_montagen_kalamo_2013.png\" alt=\"Vertieb_montagen_kalamo_2013\" width=\"226\" height=\"152\" \/><\/div>\n<ol style=\"list-style-type:none;margin: 0 0 20px;\">\n<li><strong>Kai Lange<\/strong><\/li>\n<li>Leeschenblick 3<\/li>\n<li>22177 Hamburg<\/li>\n<li>Telefon : 040 \/ 63 64 99 29<\/li>\n<li>Fax : 040 \/ 63 64 99 30<\/li>\n<li>E-Mail: <a href=\"mailto:Lange@kalamo.de\">Lange@kalamo.de<\/a><\/li>\n<\/ol>\n<\/div>\n<div>Gesch\u00e4ftsf\u00fchrer\/ Vorst\u00e4nde\/ Gesellschafter\/ Komplement\u00e4r: Kai Lange<\/div>\n<div><\/div>\n<p>Firmensitz\/ Registergericht:<\/p>\n<p>Hamburg<\/p>\n<p>Betriebsnummer:<\/p>\n<p>2930778227 eingetragen bei der Handwerkskammer Hamburg<\/p>\n<p>Umsatzsteuer-Identifikationsnummer:<\/p>\n<p>50\/139\/01777<br \/>\nHaftungshinweis:<\/p>\n<p>Trotz sorgf\u00e4ltiger inhaltlicher Kontrolle \u00fcbernehmen wir keine Haftung f\u00fcr die Inhalte externer Links. F\u00fcr den Inhalt der verlinkten Seiten sind ausschlie\u00dflich deren Betreiber verantwortlich.<\/p>\n<p>Inhaltlich verantwortlich: Kai Lange<\/p>\n","protected":false},"excerpt":{"rendered":"<p>Kai Lange Leeschenblick 3 22177 Hamburg Telefon : 040 \/ 63 64 99 29 Fax : 040 \/ 63 64 99 30 E-Mail: Lange@kalamo.de Gesch\u00e4ftsf\u00fchrer\/ Vorst\u00e4nde\/ Gesellschafter\/ Komplement\u00e4r: Kai Lange Firmensitz\/ Registergericht: Hamburg Betriebsnummer: 2930778227 eingetragen bei der Handwerkskammer Hamburg Umsatzsteuer-Identifikationsnummer: 50\/139\/01777 Haftungshinweis: Trotz sorgf\u00e4ltiger inhaltlicher Kontrolle \u00fcbernehmen wir keine Haftung f\u00fcr die Inhalte externer &hellip; <a href=\"https:\/\/www.kalamo.de\/?page_id=205\" class=\"more-link\"><span class=\"screen-reader-text\">Impressum<\/span> weiterlesen <span class=\"meta-nav\">&rarr;<\/span><\/a><\/p>\n","protected":false},"author":3,"featured_media":0,"parent":0,"menu_order":0,"comment_status":"closed","ping_status":"open","template":"","meta":{"footnotes":""},"class_list":["post-205","page","type-page","status-publish","hentry"],"_links":{"self":[{"href":"https:\/\/www.kalamo.de\/index.php?rest_route=\/wp\/v2\/pages\/205","targetHints":{"allow":["GET"]}}],"collection":[{"href":"https:\/\/www.kalamo.de\/index.php?rest_route=\/wp\/v2\/pages"}],"about":[{"href":"https:\/\/www.kalamo.de\/index.php?rest_route=\/wp\/v2\/types\/page"}],"author":[{"embeddable":true,"href":"https:\/\/www.kalamo.de\/index.php?rest_route=\/wp\/v2\/users\/3"}],"replies":[{"embeddable":true,"href":"https:\/\/www.kalamo.de\/index.php?rest_route=%2Fwp%2Fv2%2Fcomments&post=205"}],"version-history":[{"count":9,"href":"https:\/\/www.kalamo.de\/index.php?rest_route=\/wp\/v2\/pages\/205\/revisions"}],"predecessor-version":[{"id":225,"href":"https:\/\/www.kalamo.de\/index.php?rest_route=\/wp\/v2\/pages\/205\/revisions\/225"}],"wp:attachment":[{"href":"https:\/\/www.kalamo.de\/index.php?rest_route=%2Fwp%2Fv2%2Fmedia&parent=205"}],"curies":[{"name":"wp","href":"https:\/\/api.w.org\/{rel}","templated":true}]}}